 + (1 - 2) + -4 + (1188 - 1191) + 2.
-4
What is the value of 28 + -15 - 30 - (-8 - -1)?
-10
What is the value of -15 + 7 + -6 + 5 - (12 - 88 - -9)?
58
Evaluate (107 - 101) + (-3 - 0) - (4 - 7 - 1).
7
Evaluate -82 + 106 + 0 + (2 - 8) + -4.
14
376 + -388 + (15 - -4)
7
Evaluate 1390 - 1346 - ((1 - 32) + 1).
74
What is -2033 + 1984 + (81 - 1)?
31
(-33 + 13 - (-21 - -7)) + (45 - 4)
35
What is (13 - 22) + (95 - 21)?
65
What is the value of (0 - 5) + (499 - 496) + 2 + -12 - -114?
102
Evaluate 3 + -4 + -6 + (12 - 6 - 3) + 48.
44
Evaluate (9 - 0) + -4 + 8 + -104 + -1.
-92
What is the value of -33 + (41 - (-29 + 69))?
-32
What is -67 + -98 + (112 - -62)?
9
Calculate -3 - 0 - ((152 - 46) + -93).
-16
-67 + (-72 - -83 - (-1 + (4 - -7)))
-66
What is the value of 24 - ((-3 - 15) + 109 + -100)?
33
Calculate 296 + -313 + (-1 - -27).
9
What is the value of -26 - -20 - 3 - -26 - (-49 + -3)?
69
What is 19 - (3 + 22) - 92 - -38?
-60
What is (26 - -32) + 178 + -156?
80
What is the value of 27 - (14 + 14 + -17) - 21?
-5
35 + (83 - 68 - (12 - 0))
38
What is the value of 38 + (-10 - -9) - (-9 - (-4 - 8 - 5))?
29
What is the value of 10 + -64 - -27 - -55 - 33?
-5
-28 + (-7 + 11 - -10) + (-18 + 6 - -4)
-22
Calculate 2 + 41 - (-10 + (12 - 5)) - (-42 - -33).
55
What is 28 - (-22 - (-17 - -12)) - 2?
43
What is the value of -6 + -7 + -18 + (27 - 8) + 0 + 60?
48
What is the value of 77 - (-108 + 197) - -68?
56
Calculate -13 + -39 + -2 + 21 - -15 - -137.
119
What is 0 + -44 + -283 + 315?
-12
What is -6 - (6 - 0 - (4 + -5))?
-13
-7 + -17 + 22 + -7 + 50
41
Evaluate (-12 - (-45 - (28 - 44))) + -98.
-81
What is 54 - (-53 + 175) - 5?
-73
Evaluate (0 + 27 - (1140 + -1119)) + 17.
23
Evaluate 3 - (11 - (35 - (-9 - -16)) - -27).
-7
Evaluate 24 + 29 + (9 - (16 + 11)).
35
2 + (10 - (22 + -9) - 11 - -49)
37
15 - 1 - (-28 + -29 + 56 - 52)
67
What is the value of -111 - (-12 + (12 - (-8 - -20))) - 7?
-106
What is 133 + 0 - (-353 - -102 - -252)?
132
Calculate (10 - 21 - (3 - 24)) + 1 + -2 + -9.
0
What is the value of (48 + -91 - 13) + -18?
-74
Evaluate 10 - (-17 - (-39 - 15 - -16)).
-11
-14 - (11 + -14) - (0 + (-3 - 4))
-4
(31 - -2) + (-24 - 15) + -26 + 3
-29
What is the value of -2 + 25 - (-244 - -239)?
28
Calculate -56 + (15 - (72 + -39 + 7)).
-81
-48 - (-6 - -3) - (25 + 23 + -48)
-45
(-13 - (11 + -16 + -7 + (8 - 3))) + -32
-38
What is (-45 - -57) + (-10 - 0) - (-8 - 0) - -75?
85
-39 + 143 + -40 - 5
59
Evaluate -24 + -26 - (10 + -100).
40
Evaluate -118 + 99 + (-9 - 0 - -2) + -5.
-31
Calculate 7 - (46 - 14) - 23.
-48
What is -18 + (3 + 5 - (44 - (-8 - -29)))?
-33
Calculate -21 - (-82 - (-40 - 13)).
8
What is the value of 10 + (3 - -9) + -9 + 29 + 0?
42
What is the value of 13 - 10 - 1 - (-184 - -222)?
-36
What is -6 - (11 - 35 - -28)?
-10
What is (-11 - ((-18 - -30) + -48)) + -98?
-73
-38 + 18 + 25 - ((15 - -8) + 4)
-22
Evaluate (40 - 60) + 20 - (-74 + -1 + 5 + -1).
71
Calculate 19 - ((-2 - -4) + (17 - 44 - -10)).
34
32 + -66 + 42 - (-28 - -5)
31
What is the value of 35 - (48 - ((41 - 11) + 74))?
91
Calculate 18 + 15 - -12 - 2.
43
Calculate (-18 - -45) + 22 + -61.
-12
76 + (-24 - -46) + -43
55
What is -8 - 0 - ((-9 - -34) + -98 + 42) - -16?
39
Calculate (38 - (7 - 1)) + (-558 - -458).
-68
What is the value of -23 + 1 - -17 - 34?
-39
Evaluate 23 + -4 - ((-15 - 24) + 12).
46
-24 + -3 + (9 - (2 + 21) - -4)
-37
Evaluate -74 - ((-35 - 57) + 49).
-31
Calculate 14 - (-54 + 61 + (36 - 1)).
-28
Evaluate -12 - ((16 - 51) + 19) - (-76 + -1).
81
Calculate (-4 - -3) + 16 - (373 - 346).
-12
Evaluate -3 - -3 - 16 - (-5 + 13 + 32).
-56
Evaluate (0 - 2 - 5) + 1 + (-20 - -15).
-11
Evaluate (-35 - -47 - (13 - 1)) + 161 + -50.
111
What is 39 + -13 + -24 - 18?
-16
What is the value of 41 + (11 - -1 - (18 + -1 + -11) - -9)?
56
Evaluate (-3 - (-1 + 1 + -41)) + -2375 + 2366.
29
Calculate (0 - (-8 + 20)) + (1 - 0 - 57) + 2.
-66
Evaluate (-2 + -34 - (301 - 279)) + 3.
-55
Calculate -22 + 58 - 16 - (2 + 1).
17
What is (5 - -12) + 7 - 45?
-21
What is the value of -3 + 1 + 16 - (-17 - (-80 + 5))?
-44
Calculate (166 - 92) + (-53 - (-36 - -18)).
39
Calculate (47 - 6) + -9 + -44.
-12
What is the value of (2693 - 2706) + -22 + 0 + 1?
-34
50 + -52 + 17 + -50 - -78
43
What is (0 - (-9 - -16)) + 2 + (-5 - (43 + -2))?
-51
Evaluate 13 + -101 + 36 + 20.
-32
-92 - ((-24 - 51) + 27)
-44
Calculate 3 + -9 + 26 - (-26 + 51).
-5
What is the value of 7 + (30 + -12 - 1)?
24
0 + -19 + 38 + -122 + 10
-93
What is the value of -11 - -29 - (-12 - (-7 + -2 + 16))?
37
Evaluate (0 + (-5 - 0) - -1) + (-20349 - -20358).
5
What is the value of 14 + 11 + -10 + 34?
49
Calculate (8 - (-28 + 17)) + -20 - -21.
20
Evaluate 68 - (-7 - (-112 + 13)).
-24
What is the value of (34 - -2) + 60 + -57 + 29?
68
What is -14 + -5 + 4 + 12 + 91 + -22?
66
What is the value of -1 + 1 + 12 + (37 - 72 - -4)?
-19
Evaluate (-4 - -51) + -129 + -2 + -21.
-105
(-1 - 5) + 3 + -2 + -69 + (83 - 56)
-47
What is the value of 5 + 0 + -9 - (16 - 16 - 2)?
-2
What is the value of 57 + (16 - (-3 - -9 - -2 - -6))?
59
Evaluate 4 + -4 + -4 + 2 + 0 - -12.
10
What is -1 + -23 + 3 + 10 - -5 - (-23 - -5)?
12
What is 6 - (19 + 4) - -3 - -5?
-9
What is -10 + 1 + (2 - (-1 + 6)) + 46?
34
What is the value of 8 + (-14 - -14) + -16 - -4?
-4
What is -20 + (-20 - -45) - (1 - -1)?
3
What is 16 + (-14 + (5 - -24) - 2)?
29
Calculate 6 + -1 + (-34 - 65) + (1 - -8).
-85
What is -74 + 63 + 84 - 55?
18
-97 + 50 + 45 + -82
-84
What is the value of (-52 - -33) + 5 + 57 + (-3 - -3)?
43
What is 1 - (12 - 6) - (12 + -9 + 30)?
-38
Calculate (58 - (66 - 52)) + -35.
9
Evaluate 127 + -124 + (2 + -3 - 9).
-7
Calculate (60 - (31 + 13)) + (4 - (-64 - -2)).
82
-42 + (177 - 144) - (0 + (-1 - -17)) - 3
-28
Evaluate -84 + (8 - (11 + -24)) - -4.
-59
Calculate -6 + (-2 + 3 - 4) + 5 - (-2 + 39).
-41
What is -53 + (-4 - -16 - (5 + (2 - 4))) + 3?
-41
Evaluate 1 + -24 + -99 + 83 + -8.
-47
What is -41 - (-32 + 37 + -33)?
-13
What is -27 - -32 - 26 - 0 - -16?
-5
What is -47 - ((22 - 56) + 9)?
-22
6 + 1 + (2 - 0) - (20 - (130 + -183))
-64
What is the value of -59 - 22 - (54 + -101)?
-34
What is the value of 57 + (51 + -107 - -12)?
13
Evaluate -21 + 20 + (-12 - -37) + (4 - 16 - -4).
16
What is (-7 - -12 - 8) + (-16 + 5 - (41 + -29))?
-26
Calculate (43 - 1 - 33) + (0 - 7) + -24.
-22
Evaluate (0 - -2 - (6 - 2) - 0) + (39421 - 39455).
-36
What is the value of (-2 - -8) + (25 - (19 + 27))?
-15
What is (-137 - -138) + (1 - -15) + (19 - -37)?
73
What is the value of ((-1 - 7 - (42 - 48)) + -5 - -8) + -85?
-84
Calculate 25 + 0 + (4 - ((157 - 165) + 2 + 18)).
17
Evaluate -9 + -44 + 57 + (1 - 4).
1
Evaluate -7 + (11 - 13) - -9 - (51 - (0 + -3)).
-54
What is the value of (15 - 11) + -19 + (1 - -7) - -50?
43
What is -3 + -10 - (-88 + 99 - (-2 + -14))?
-40
Evaluate 34 + -21 + -13 + -2 - -16.
14
What is 58 + -77 + 34 + (10 - (-1 - 2))?
28
Calculate -15 - (-5 - (-8 - 4 - (-10 - 23))) - 108.
-97
97 - (-21 - ((22 - 4 - 32) + 2))
106
Evaluate -23 + (2 + -23 - 45).
-89
What is the value of 39 + -10 + 0 + -29 + 28 + 20 + 0?
48
20 - (-13 - 3 - -43)
-7
Calculate 42 - (-6 - 11) - ((4 - -1 - -1) + 1).
52
Calculate 6 + (-12 - (-16 - -2) - 28) - 6.
-26
What is the value of -29 + 70 + -19 + -2 + 11?
31
What is -7 - (-7 - -44 - (-111 + 103))?
-52
Evaluate (-8 - (15 + -3 + -18)) + 19 - (-1 + 15).
3
Calculate (14 + (6 - 8) - 30) + -89.
-107
Evaluate 29 + -7 + (-9 - 3) - -18.
28
Evaluate (-67 - (-72 - -57)) + 61.
9
(4 - 26) + (-4 - -27) + -27
-26
Calculate -6 + 10 + (5 - 4) + 2 + -4.
3
0 - (-4 + 1) - (9 - (4 + 12) - 29)
39
Calculate (1575 - 1526) + (-93 - 0).
-44
What is 8487 + -8456 + 52 + 1?
84
What is the value of ((6 - 1 - 10) + -26 - -5) + -2?
-28
Evaluate 42 - (-82 + 92) - (24 + 0).
8
Calculate (103 - 96) + 3 + -45.
-35
What is the value of 43 - 0 - (-24 + -18 + 44 + -11) - 10?
42
Calculate -4 + -98 + (-1309 - -1363).
-48
What is the value of 124 + -1 - (8413 + -8314)?
24
What is the value of 343 - 310 - (41 - 7)?
-1
What is the value of ((16 - (6 - 6)) + -4 - 88) + 15?
-61
Calculate (95 - -80) + -83 + -104.
-12
Evaluate 2 + 0 + -15 + 28 + -21 - -29.
23
Calculate 0 - (3 + -32) - (4 - 57).
82
What is (62 - (-1 - -2)) + 50 + (257 - 300)?
68
Calculate -256 + 245 + -7 + 1 + 57.
40
Evaluate 102 - 13 - (2 + -10 - (-106 + 113)).
104
Evaluate -9 + -4 + -1 + 